{"id":519,"date":"2021-07-29T11:47:24","date_gmt":"2021-07-29T09:47:24","guid":{"rendered":"https:\/\/usgfoot35.fr\/v1\/?page_id=519"},"modified":"2025-12-17T14:26:07","modified_gmt":"2025-12-17T13:26:07","slug":"bienvenue","status":"publish","type":"page","link":"https:\/\/usgfoot35.fr\/v1a\/","title":{"rendered":"Bienvenue"},"content":{"rendered":"\n\n\t<h1>UNION SPORTIVE GR\u00c9GORIENNE<\/h1>\n\n\t\n\t\t\t<a href=\"https:\/\/usgfoot35.fr\/v1a\/le-programme-du-week-end\/\" role=\"button\" target=\"_self\">\n\t\t\t\t\t\t\t\t\t\t\t\t\t\t\t\t\t\tLe programme du week-end\n\t\t\t\t\t\t\t<\/a>\n\t\t\t<a href=\"https:\/\/usgfoot35.fr\/v1a\/les-resultats-du-week-end\/\" role=\"button\" target=\"_self\">\n\t\t\t\t\t\t\t\t\t\t\t\t\t\t\t\t\t\tLes r\u00e9sultats du week-end\n\t\t\t\t\t\t\t<\/a>\n\t\t\t\t<img loading=\"lazy\" decoding=\"async\" src=\"https:\/\/usgfoot35.fr\/v1a\/wp-content\/uploads\/2024\/07\/Capture-decran-2024-07-05-182715.png\" alt=\"Bati-Armor, partenaire de l&#039;USG\" height=\"240\" width=\"490\" title=\"Bati-Armor, partenaire de l&#039;USG\" \/>\n\t\t\t\t<img loading=\"lazy\" decoding=\"async\" src=\"https:\/\/usgfoot35.fr\/v1a\/wp-content\/uploads\/2021\/09\/big_part_111-2-300x224.jpg\" alt=\"Groupe LECLERC\" height=\"224\" width=\"300\" title=\"big_part_111\" \/>\n\t\t\t\t<img loading=\"lazy\" decoding=\"async\" src=\"https:\/\/usgfoot35.fr\/v1a\/wp-content\/uploads\/2021\/09\/St-Gre\u0301goire.png\" alt=\"Ville de Saint-Gr\u00e9goire\" height=\"143\" width=\"221\" title=\"Ville de Saint-Gr\u00e9goire\" \/>\n\t\t\t\t<img loading=\"lazy\" decoding=\"async\" src=\"https:\/\/usgfoot35.fr\/v1a\/wp-content\/uploads\/2021\/09\/big_part_74-3.jpg\" alt=\"Groupe LAUNAY\" height=\"388\" width=\"600\" title=\"big_part_74\" \/>\nError validating application\n\t\t<blockquote cite=\"https:\/\/www.facebook.com\/usgfoot35\"><a href=\"https:\/\/www.facebook.com\/usgfoot35\"><\/a><\/blockquote>\n\t\nLa saison 2024-2025, l'USG s'est associ\u00e9e \u00e0 Kappa et Sport 2000 pour renouveler son offre textile et renforcer le service propos\u00e9 aux licenci\u00e9s.\n<p>D\u00e9sormais, vous pouvez vous \u00e9quiper aux couleurs de l'USG tout au long de l'ann\u00e9e, en quelques clics ! Pour cela, rendez-vous dans <strong>l'onglet \"Boutique\"<\/strong> du site.<\/p>\n\t\nL'USG a obtenu le Label Jeunes FFF dans la cat\u00e9gorie <strong>Espoir<\/strong>, pour les trois prochaines saisons.\n\u00a0Une distinction qui vient r\u00e9compenser le travail de nos \u00e9ducateurs au quotidien, et qui d\u00e9montre la <strong>qualit\u00e9 de la formation gr\u00e9gorienne<\/strong> !\n\u00a0Ce label marque \u00e9galement une <strong>nouvelle \u00e9tape dans la structuration<\/strong> de l'USG autour de son projet club.\nBravo \u00e0 tous ceux ayant contribu\u00e9 \u00e0 son obtention, en esp\u00e9rant vous revoir au plus vite pour une saison pleine de promesses !\n\n","protected":false},"excerpt":{"rendered":"<p>UNION SPORTIVE GR\u00c9GORIENNE Le programme du week-end Les r\u00e9sultats du week-end Error validating application La saison 2024-2025, l'USG s'est associ\u00e9e \u00e0 Kappa et Sport 2000 pour renouveler son offre textile et renforcer le service propos\u00e9 aux licenci\u00e9s. D\u00e9sormais, vous pouvez vous \u00e9quiper aux couleurs de l'USG tout au long de l'ann\u00e9e, en quelques clics ! [&hellip;]<\/p>\n","protected":false},"author":1,"featured_media":0,"parent":0,"menu_order":0,"comment_status":"closed","ping_status":"closed","template":"","meta":{"footnotes":""},"class_list":["post-519","page","type-page","status-publish","hentry"],"_links":{"self":[{"href":"https:\/\/usgfoot35.fr\/v1a\/wp-json\/wp\/v2\/pages\/519","targetHints":{"allow":["GET"]}}],"collection":[{"href":"https:\/\/usgfoot35.fr\/v1a\/wp-json\/wp\/v2\/pages"}],"about":[{"href":"https:\/\/usgfoot35.fr\/v1a\/wp-json\/wp\/v2\/types\/page"}],"author":[{"embeddable":true,"href":"https:\/\/usgfoot35.fr\/v1a\/wp-json\/wp\/v2\/users\/1"}],"replies":[{"embeddable":true,"href":"https:\/\/usgfoot35.fr\/v1a\/wp-json\/wp\/v2\/comments?post=519"}],"version-history":[{"count":47,"href":"https:\/\/usgfoot35.fr\/v1a\/wp-json\/wp\/v2\/pages\/519\/revisions"}],"predecessor-version":[{"id":5863,"href":"https:\/\/usgfoot35.fr\/v1a\/wp-json\/wp\/v2\/pages\/519\/revisions\/5863"}],"wp:attachment":[{"href":"https:\/\/usgfoot35.fr\/v1a\/wp-json\/wp\/v2\/media?parent=519"}],"curies":[{"name":"wp","href":"https:\/\/api.w.org\/{rel}","templated":true}]}}