{"id":5181,"date":"2025-02-03T16:45:12","date_gmt":"2025-02-03T15:45:12","guid":{"rendered":"https:\/\/usgfoot35.fr\/v1a\/?page_id=5181"},"modified":"2025-02-06T15:44:22","modified_gmt":"2025-02-06T14:44:22","slug":"rencontre-avec-les-presidents-de-lusg","status":"publish","type":"page","link":"https:\/\/usgfoot35.fr\/v1a\/rencontre-avec-les-presidents-de-lusg\/","title":{"rendered":"Rencontre avec les pr\u00e9sidents de l'USG"},"content":{"rendered":"\n\n\t<h2>Rencontre avec les pr\u00e9sidents de l'USG :<\/h2>\n<p>Plus qu'un club, l'Union Sportive Gr\u00e9gorienne est une famille o\u00f9 chacun contribue \u00e0 sa mani\u00e8re au d\u00e9veloppement d'un projet sportif. Cette s\u00e9rie d'interviews est l'occasion de mettre en lumi\u00e8re les parties int\u00e9grantes du club qui incarnent nos valeurs d'engagement, de solidarit\u00e9 et de d\u00e9passement. Nous commen\u00e7ons avec ceux qui guident notre vision de <mark>#GrandirEnsemble<\/mark> : <strong>les<\/strong> <strong>pr\u00e9sidents<\/strong>.<\/p>\n<p>&nbsp;<\/p>\n<figure><img decoding=\"async\" src=\"https:\/\/usgfoot35.fr\/v1a\/wp-content\/uploads\/2025\/02\/Boris-Flo-Bruno-edited.jpeg\" alt=\"\" \/><figcaption><sub><mark>Florian Delacroix et Bruno Duval, pr\u00e9sident et vice-pr\u00e9sident de l'Union Sportive Gr\u00e9gorienne.<\/mark><\/sub><\/figcaption><\/figure>\n<p>&nbsp;<\/p>\n<h6><mark><strong>LES MOTS INTRODUCTIFS DE NOTRE PR\u00c9SIDENT :<\/strong> <\/mark><\/h6>\n<p>Depuis quelques semaines, un nouveau visage est \u00e0 la t\u00eate de l'Union Sportive Gr\u00e9gorienne. Florian Delacroix, fra\u00eechement \u00e9lu, pr\u00e9side le club avec enthousiasme et ambition. Pour mieux le conna\u00eetre et comprendre ses motivations, nous avons souhait\u00e9 d'abord lui donner la parole. Son parcours, sa vision pour l'USG, ses projets pour l'avenir, etc.<\/p>\n\t\t\t\t<img loading=\"lazy\" decoding=\"async\" src=\"https:\/\/usgfoot35.fr\/v1a\/wp-content\/uploads\/2025\/01\/Flo-delacroix-3.jpeg\" alt=\"Florian Delacroix, pr\u00e9sident de l&#039;USG.\" itemprop=\"image\" height=\"826\" width=\"432\" title=\"Flo delacroix\" onerror=\"this.style.display='none'\"  \/>\n\t\tFlorian Delacroix, pr\u00e9sident de l'USG.\n<figure>\"<em>Je remercie sinc\u00e8rement <strong>Bruno DUVAL<\/strong> et <strong>Jean-Pierre GARAUD<\/strong> pour leur d\u00e9vouement et leur engagement \u00e0 la Co-pr\u00e9sidence de l'Union Sportive Gr\u00e9gorienne (USG). Apr\u00e8s plusieurs mandats, ils font le choix de faire confiance \u00e0 une nouvelle g\u00e9n\u00e9ration pour continuer de faire grandir le club. Je pourrais compter sur leur esprit d'\u00e9quipe, ainsi que sur celui des autres membres du bureau pour m'accompagner dans cette nouvelle mission de pr\u00e9sident. Ensemble, nous mettrons en avant nos valeurs de solidarit\u00e9 et d'unit\u00e9. <\/em><em>Aujourd'hui, nous avons identifi\u00e9 plusieurs axes de progression et souhaitons \u0153uvrer pour :<\/em><\/figure>\n<ul>\n<li><em>P\u00e9renniser la sant\u00e9 financi\u00e8re du club en mettant davantage en valeur nos <strong>sponsors<\/strong> et en continuant de d\u00e9velopper nos <strong>partenariats.<\/strong><\/em><\/li>\n<li><em>Am\u00e9liorer la <strong>communication<\/strong> qui est notre alli\u00e9e pour f\u00e9d\u00e9rer et nous donner de la visibilit\u00e9.<\/em><\/li>\n<li><em>D\u00e9velopper notre projet sportif en axant notre travail sur<strong> 3 objectifs :<\/strong><\/em>\n<ul>\n<li><em><strong>L'\u00e9ducation\/la formation et la comp\u00e9tition<\/strong> avec l'aide de nos \u00e9ducateurs, arbitres et dirigeants qui nous permettent actuellement de valider de bons r\u00e9sultats sur nos p\u00f4les jeunes et seniors F et G.<\/em><\/li>\n<\/ul>\n<\/li>\n<li><em>Continuer de concentrer nos efforts \u00e0 structurer notre club, qui d\u00e9passe aujourd'hui les <strong>550 licenci\u00e9s<\/strong> et licenci\u00e9es , avec le travail depuis 1 an de notre Manager g\u00e9n\u00e9ral, <strong>David Perrichot<\/strong> et des diff\u00e9rents responsables de p\u00f4les et de commissions.<\/em><\/li>\n<li><em>Cr\u00e9er des <strong>\u00e9v\u00e9nements<\/strong> sportifs comme la <strong>Canal Cup <\/strong>jeunes et adultes dont la premi\u00e8re \u00e9dition de ce tournoi de football sous ce format aura lieu les <strong>23 et 24 mai prochains<\/strong>.<\/em><\/li>\n<\/ul>\n\t<em>Enfin, et c'est le point le plus important, je souhaiterais remercier chaque b\u00e9n\u00e9vole, chaque joueur et joueuse, chaque arbitre, chaque partenaire, chaque sponsor, chaque parent, chaque supporter qui apportent une valeur inestimable \u00e0 notre club associatif. Vous avez tous un r\u00f4le crucial \u00e0 jouer pour faire vivre nos couleurs.<br \/>\nTous ensemble, nous allons pouvoir r\u00e9aliser nos projets et relever les d\u00e9fis.<\/em>\n\n<h6><mark><strong>L'INTERVIEW DES PR\u00c9SIDENTS* :<\/strong><\/mark><\/h6>\n\n\n\n\n\n\n\n\n\n\n\n<em>Nous voyons l'\u00e9cole de foot continuer \u00e0 garder et d\u00e9velopper son niveau d'excellence reconnu, nous voyons les \u00e9quipes de jeunes \u00e0 11 s'installer durablement au niveau R\u00e9gional, et pour les seniors atteindre le plus<br \/>\nhaut niveau possible pour chaque \u00e9quipe. Structurellement, l'USG doit continuer son expansion en s'appuyant, comme actuellement, sur des \u00e9ducateurs comp\u00e9tents, sans oublier qu'il faut \u00e9galement plus de b\u00e9n\u00e9voles sans qui rien ne serait possible.<\/em>\n\t<p>*Les r\u00e9ponses aux questions sont communes aux 3 pr\u00e9sidents.<\/p>\n\n","protected":false},"excerpt":{"rendered":"<p>Rencontre avec les pr\u00e9sidents de l'USG : Plus qu'un club, l'Union Sportive Gr\u00e9gorienne est une famille o\u00f9 chacun contribue \u00e0 sa mani\u00e8re au d\u00e9veloppement d'un projet sportif. Cette s\u00e9rie d'interviews est l'occasion de mettre en lumi\u00e8re les parties int\u00e9grantes du club qui incarnent nos valeurs d'engagement, de solidarit\u00e9 et de d\u00e9passement. Nous commen\u00e7ons avec ceux [&hellip;]<\/p>\n","protected":false},"author":10,"featured_media":0,"parent":0,"menu_order":0,"comment_status":"closed","ping_status":"closed","template":"","meta":{"footnotes":"[]"},"class_list":["post-5181","page","type-page","status-publish","hentry"],"_links":{"self":[{"href":"https:\/\/usgfoot35.fr\/v1a\/wp-json\/wp\/v2\/pages\/5181","targetHints":{"allow":["GET"]}}],"collection":[{"href":"https:\/\/usgfoot35.fr\/v1a\/wp-json\/wp\/v2\/pages"}],"about":[{"href":"https:\/\/usgfoot35.fr\/v1a\/wp-json\/wp\/v2\/types\/page"}],"author":[{"embeddable":true,"href":"https:\/\/usgfoot35.fr\/v1a\/wp-json\/wp\/v2\/users\/10"}],"replies":[{"embeddable":true,"href":"https:\/\/usgfoot35.fr\/v1a\/wp-json\/wp\/v2\/comments?post=5181"}],"version-history":[{"count":12,"href":"https:\/\/usgfoot35.fr\/v1a\/wp-json\/wp\/v2\/pages\/5181\/revisions"}],"predecessor-version":[{"id":5290,"href":"https:\/\/usgfoot35.fr\/v1a\/wp-json\/wp\/v2\/pages\/5181\/revisions\/5290"}],"wp:attachment":[{"href":"https:\/\/usgfoot35.fr\/v1a\/wp-json\/wp\/v2\/media?parent=5181"}],"curies":[{"name":"wp","href":"https:\/\/api.w.org\/{rel}","templated":true}]}}