{"id":316,"date":"2021-07-16T07:41:03","date_gmt":"2021-07-16T07:41:03","guid":{"rendered":"https:\/\/usgfoot35.fr\/v1\/?page_id=316"},"modified":"2025-08-17T22:51:03","modified_gmt":"2025-08-17T20:51:03","slug":"organigramme","status":"publish","type":"page","link":"https:\/\/usgfoot35.fr\/v1a\/organigramme\/","title":{"rendered":"Organigramme"},"content":{"rendered":"\n<h2>\n\t\tORGANIGRAMME ADMINISTRATIF\n\t<\/h2>\n<h2>\n\t\tSAISON 2025-2026\n\t<\/h2>\n<h2>\n\t\tCOMIT\u00c9 DIRECTEUR\n\t<\/h2>\n                        <img loading=\"lazy\" decoding=\"async\" src=\"https:\/\/usgfoot35.fr\/v1a\/wp-content\/uploads\/2025\/08\/681c3bfa-529d-4812-8e1d-92a3ba217b43-150x150.png\" alt=\"681c3bfa-529d-4812-8e1d-92a3ba217b43\" itemprop=\"image\" height=\"150\" width=\"150\" title=\"681c3bfa-529d-4812-8e1d-92a3ba217b43\"  \/>\n\t\t                    <h6>Florian DELACROIX<\/h6>\n        \t\t        \t<p>Pr\u00e9sident<\/p>\n                        <img loading=\"lazy\" decoding=\"async\" src=\"https:\/\/usgfoot35.fr\/v1a\/wp-content\/uploads\/2025\/08\/aea06963-984a-4f28-aa60-e42bd74da547-150x150.png\" alt=\"aea06963-984a-4f28-aa60-e42bd74da547\" itemprop=\"image\" height=\"150\" width=\"150\" title=\"aea06963-984a-4f28-aa60-e42bd74da547\"  \/>\n\t\t                    <h6>Bruno DUVAL<\/h6>\n        \t\t        \t<p>Vice pr\u00e9sident en charge du secteur sportif<\/p>\n                        <img loading=\"lazy\" decoding=\"async\" src=\"https:\/\/usgfoot35.fr\/v1a\/wp-content\/uploads\/2025\/08\/af1dbfa7-2158-4803-8e0b-aa2ab633736b-150x150.png\" alt=\"af1dbfa7-2158-4803-8e0b-aa2ab633736b\" itemprop=\"image\" height=\"150\" width=\"150\" title=\"af1dbfa7-2158-4803-8e0b-aa2ab633736b\"  \/>\n\t\t                    <h6>Jean-Pierre GARAUD<\/h6>\n        \t\t        \t<p>Vice pr\u00e9sident en charge du secteur administratif et financier<\/p>\n                        <img loading=\"lazy\" decoding=\"async\" src=\"https:\/\/usgfoot35.fr\/v1a\/wp-content\/uploads\/2025\/08\/e968bc9b-1178-40cb-bdbf-6aa222d376c5-150x150.png\" alt=\"e968bc9b-1178-40cb-bdbf-6aa222d376c5\" itemprop=\"image\" height=\"150\" width=\"150\" title=\"e968bc9b-1178-40cb-bdbf-6aa222d376c5\"  \/>\n\t\t                    <h6>Camille GENDRON<\/h6>\n        \t\t        \tSecr\u00e9taire\n                        <img loading=\"lazy\" decoding=\"async\" src=\"https:\/\/usgfoot35.fr\/v1a\/wp-content\/uploads\/2025\/08\/87ff1b7f-0ed9-4fc8-aa5f-9d6f05c982de-150x150.png\" alt=\"87ff1b7f-0ed9-4fc8-aa5f-9d6f05c982de\" itemprop=\"image\" height=\"150\" width=\"150\" title=\"87ff1b7f-0ed9-4fc8-aa5f-9d6f05c982de\"  \/>\n\t\t                    <h6>Dominique GUILLAUDEU<\/h6>\n        \t\t        \tTr\u00e9sorier\n                        <img loading=\"lazy\" decoding=\"async\" src=\"https:\/\/usgfoot35.fr\/v1a\/wp-content\/uploads\/2025\/08\/bfa45cad-d24e-4eda-9e8a-26382dff81ab-150x150.png\" alt=\"bfa45cad-d24e-4eda-9e8a-26382dff81ab\" itemprop=\"image\" height=\"150\" width=\"150\" title=\"bfa45cad-d24e-4eda-9e8a-26382dff81ab\"  \/>\n\t\t                    <h6>Philippe PINEL<\/h6>\n        \t\t        \tTr\u00e9sorier adjoint\n<h2>\n\t\tCONSEIL D'ADMINISTRATION\n\t<\/h2>\n\t\n\n\n\n\n\n\n\n\n\n\n\n\n\n\n","protected":false},"excerpt":{"rendered":"<p>ORGANIGRAMME ADMINISTRATIF SAISON 2025-2026 COMIT\u00c9 DIRECTEUR Florian DELACROIX Pr\u00e9sident Bruno DUVAL Vice pr\u00e9sident en charge du secteur sportif Jean-Pierre GARAUD Vice pr\u00e9sident en charge du secteur administratif et financier Camille GENDRON Secr\u00e9taire Dominique GUILLAUDEU Tr\u00e9sorier Philippe PINEL Tr\u00e9sorier adjoint CONSEIL D'ADMINISTRATION<\/p>\n","protected":false},"author":1,"featured_media":0,"parent":0,"menu_order":0,"comment_status":"closed","ping_status":"closed","template":"","meta":{"footnotes":""},"class_list":["post-316","page","type-page","status-publish","hentry"],"_links":{"self":[{"href":"https:\/\/usgfoot35.fr\/v1a\/wp-json\/wp\/v2\/pages\/316","targetHints":{"allow":["GET"]}}],"collection":[{"href":"https:\/\/usgfoot35.fr\/v1a\/wp-json\/wp\/v2\/pages"}],"about":[{"href":"https:\/\/usgfoot35.fr\/v1a\/wp-json\/wp\/v2\/types\/page"}],"author":[{"embeddable":true,"href":"https:\/\/usgfoot35.fr\/v1a\/wp-json\/wp\/v2\/users\/1"}],"replies":[{"embeddable":true,"href":"https:\/\/usgfoot35.fr\/v1a\/wp-json\/wp\/v2\/comments?post=316"}],"version-history":[{"count":11,"href":"https:\/\/usgfoot35.fr\/v1a\/wp-json\/wp\/v2\/pages\/316\/revisions"}],"predecessor-version":[{"id":5560,"href":"https:\/\/usgfoot35.fr\/v1a\/wp-json\/wp\/v2\/pages\/316\/revisions\/5560"}],"wp:attachment":[{"href":"https:\/\/usgfoot35.fr\/v1a\/wp-json\/wp\/v2\/media?parent=316"}],"curies":[{"name":"wp","href":"https:\/\/api.w.org\/{rel}","templated":true}]}}