{"id":1298,"date":"2021-09-01T12:35:03","date_gmt":"2021-09-01T10:35:03","guid":{"rendered":"https:\/\/usgfoot35.fr\/v1a\/?page_id=1298"},"modified":"2025-11-11T10:53:47","modified_gmt":"2025-11-11T09:53:47","slug":"contact","status":"publish","type":"page","link":"https:\/\/usgfoot35.fr\/v1a\/contact\/","title":{"rendered":"Contact"},"content":{"rendered":"\n<h2>\n\t\tNOUS CONTACTER\n\t<\/h2>\n\t<h6>POSEZ-NOUS VOS QUESTIONS<\/h6>\n<p>Vous cherchez des informations sur le club, les inscriptions... Vous aimeriez devenir \u00e9ducateur ou b\u00e9n\u00e9vole... Pour toute question, n'h\u00e9sitez pas !<\/p>\n<p>&nbsp;<\/p>\n<form>\n\t<input type=\"hidden\" name=\"fl-layout-id\" value=\"1298\" \/>\n    <h3>\n\t\t<\/h3>\n\t\n\t\t\n    \t\t<label for=\"pp-name-\">Nom<\/label>\n    \t\tPlease enter your name.\n    \t\t<input type=\"text\" name=\"pp-name\" id=\"pp-name-\" value=\"\" placeholder=\"Nom\"  \/>\n    \t\t<label for=\"pp-email-\">Adresse email<\/label>\n    \t\tPlease enter a valid email address.\n    \t\t<input type=\"email\" name=\"pp-email\" id=\"pp-email-\" value=\"\" placeholder=\"Adresse email\"  \/>\n    \t\t<label for=\"pp-message-\">Votre message<\/label>\n    \t\tPlease type your message.\n    \t\t<textarea name=\"pp-message\" id=\"pp-message-\" placeholder=\"Votre message\"><\/textarea>\n    \t<a href=\"#\" target=\"_self\" role=\"button\" rel=\"noopener\">\n    \t\t    \t\t    \t\tEnvoyer\n    \t\t    \t\t    \t<\/a>\n\t\t\tVotre message n'a pas \u00e9t\u00e9 transmis. Veuillez r\u00e9essayer.\n<\/form>\n  <p>Merci pour votre message ! Nous vous r\u00e9pondrons d\u00e8s que possible.\u00a0<\/p>\n\t<h6>NOUS TROUVER<\/h6>\n<p>Nos bureaux sont situ\u00e9s au Stade Yves le Minoux, au coeur du complexe sportif.<\/p>\n<p>Nous sommes \u00e0 votre disposition pour toute question !<\/p>\n\t<iframe src=\"https:\/\/www.google.com\/maps\/embed\/v1\/place?q=All%C3%A9e+du+Stade%2C+35760+Saint-Gr%C3%A9goire&key=AIzaSyD09zQ9PNDNNy9TadMuzRV_UsPUoWKntt8\" aria-hidden=\"true\" title=\"Stade Yves le Minoux\"><\/iframe>\n\n","protected":false},"excerpt":{"rendered":"<p>NOUS CONTACTER POSEZ-NOUS VOS QUESTIONS Vous cherchez des informations sur le club, les inscriptions... Vous aimeriez devenir \u00e9ducateur ou b\u00e9n\u00e9vole... Pour toute question, n'h\u00e9sitez pas ! &nbsp; Nom Please enter your name. Adresse email Please enter a valid email address. Votre message Please type your message. Envoyer Votre message n'a pas \u00e9t\u00e9 transmis. Veuillez r\u00e9essayer. [&hellip;]<\/p>\n","protected":false},"author":3,"featured_media":0,"parent":0,"menu_order":0,"comment_status":"closed","ping_status":"closed","template":"","meta":{"footnotes":""},"class_list":["post-1298","page","type-page","status-publish","hentry"],"_links":{"self":[{"href":"https:\/\/usgfoot35.fr\/v1a\/wp-json\/wp\/v2\/pages\/1298","targetHints":{"allow":["GET"]}}],"collection":[{"href":"https:\/\/usgfoot35.fr\/v1a\/wp-json\/wp\/v2\/pages"}],"about":[{"href":"https:\/\/usgfoot35.fr\/v1a\/wp-json\/wp\/v2\/types\/page"}],"author":[{"embeddable":true,"href":"https:\/\/usgfoot35.fr\/v1a\/wp-json\/wp\/v2\/users\/3"}],"replies":[{"embeddable":true,"href":"https:\/\/usgfoot35.fr\/v1a\/wp-json\/wp\/v2\/comments?post=1298"}],"version-history":[{"count":3,"href":"https:\/\/usgfoot35.fr\/v1a\/wp-json\/wp\/v2\/pages\/1298\/revisions"}],"predecessor-version":[{"id":1301,"href":"https:\/\/usgfoot35.fr\/v1a\/wp-json\/wp\/v2\/pages\/1298\/revisions\/1301"}],"wp:attachment":[{"href":"https:\/\/usgfoot35.fr\/v1a\/wp-json\/wp\/v2\/media?parent=1298"}],"curies":[{"name":"wp","href":"https:\/\/api.w.org\/{rel}","templated":true}]}}